{"id":548,"date":"2021-10-26T20:21:34","date_gmt":"2021-10-26T20:21:34","guid":{"rendered":"https:\/\/tiendacuis.com\/?page_id=548"},"modified":"2021-10-26T20:50:38","modified_gmt":"2021-10-26T20:50:38","slug":"preguntas-frecuentes","status":"publish","type":"page","link":"https:\/\/tiendacuis.com\/index.php\/preguntas-frecuentes\/","title":{"rendered":"Preguntas Frecuentes"},"content":{"rendered":"\n<p>Somos una empresa enfocada a que nuestros usuarios incrementen sus beneficios; por eso estamos interesados en generar acuerdos ganar-ganar priorizando las relaciones a largo plazo para que tu crecimiento sea nuestro crecimiento. Creemos que nuestros clientes son vitales para el crecimiento de nuestra empresa por eso nos concentramos en mejorar nuestro servicio d\u00eda a d\u00eda, ya sea incrementando la oferta de productos como mejorando la rapidez para despachar su compra. Nuestro objetivo es facilitar tu compra para que puedas enfocarte en vender m\u00e1s y no en la p\u00e9rdida de tiempo que genera comprar o trasladarse para buscar productos.<\/p>\n\n\n\n<h3 class=\"wp-block-heading\"> \u00bfC\u00f3mo comprar online? <\/h3>\n\n\n\n<ol class=\"wp-block-list\"><li>Selecciona los productos que quieres comprar. Puedes buscarlos desde las categor\u00edas que se ubican en el men\u00fa principal o desde el buscador. Clickea el producto que te guste, selecciona la cantidad y luego la agregas al carrito.<\/li><li>Antes de realizar el pedido, controla que los productos sean los elegidos. Luego, haz click en \u201cRealizar pedido\u201d.<\/li><li>Finalmente completa los datos necesarios (direcci\u00f3n de entrega, modo de env\u00edo, forma de pago, etc.) para confirmar tu compra.<\/li><li>Recibir\u00e1s un mail confirmando que el pedido fue correctamente realizado y nuestras vendedoras se van a comunicar con vos por mail y Whatsapp para enviarte los datos de tu compra.<\/li><li>Cualquier duda, env\u00edanos un mail a&nbsp;<a href=\"mailto:infomayorista@somosjade.com\">tiendacuis@gmail.com<\/a><\/li><\/ol>\n\n\n\n<h3 class=\"wp-block-heading\">\u00bfQu\u00e9 formas de pago aceptan?<\/h3>\n\n\n\n<p>Pod\u00e9s abonar tu pedido a trav\u00e9s de los siguientes m\u00e9todos de pago:<\/p>\n\n\n\n<ul class=\"wp-block-list\"><li>En efectivo<\/li><li>Dep\u00f3sito \/ Transferencia bancaria \/ Cheque (previo a evaluaci\u00f3n)<\/li><li>Tarjeta de cr\u00e9dito o tarjeta de d\u00e9bito a trav\u00e9s de MercadoPago (con recargo por costos administrativos).<\/li><li>Tambi\u00e9n en efectivo acerc\u00e1ndote a un Pago F\u00e1cil.<\/li><li>Cheques propios a 30 d\u00edas<\/li><\/ul>\n\n\n\n<h3 class=\"wp-block-heading\">\u00bfC\u00f3mo es el env\u00edo?<\/h3>\n\n\n\n<p>Enviamos a trav\u00e9s del transporte que vos elijas. Puede ser Via Cargo, Correo Argentino, Oca, etc. No cobramos por despachar o llevarte hasta el expreso. Entregamos sin cargo puerta a puerta en el partido de la costa, provincia de buenos aires.<\/p>\n\n\n\n<p><\/p>\n\n\n\n<h3 class=\"wp-block-heading\"> \u00bfTe qued\u00f3 alguna pregunta? Escribimos<\/h3>\n\n\n<div class=\"wpforms-container wpforms-container-full wpforms-field-container width 50 wpforms-block\" id=\"wpforms-552\"><form id=\"wpforms-form-552\" class=\"wpforms-validate wpforms-form wpforms-ajax-form\" data-formid=\"552\" method=\"post\" enctype=\"multipart\/form-data\" action=\"\/index.php\/wp-json\/wp\/v2\/pages\/548\" data-token=\"110e42ce0ff9c239b7219427998aa67a\" data-token-time=\"1775292609\"><noscript class=\"wpforms-error-noscript\">Por favor, activa JavaScript en tu navegador para completar este formulario.<\/noscript><div class=\"wpforms-field-container\"><div id=\"wpforms-552-field_1-container\" class=\"wpforms-field wpforms-field-email\" data-field-id=\"1\"><label class=\"wpforms-field-label\" for=\"wpforms-552-field_1\">Email <span class=\"wpforms-required-label\">*<\/span><\/label><input type=\"email\" id=\"wpforms-552-field_1\" class=\"wpforms-field-medium wpforms-field-required\" name=\"wpforms[fields][1]\" spellcheck=\"false\" required><\/div><div id=\"wpforms-552-field_2-container\" class=\"wpforms-field wpforms-field-textarea\" data-field-id=\"2\"><label class=\"wpforms-field-label\" for=\"wpforms-552-field_2\">Mensaje  <span class=\"wpforms-required-label\">*<\/span><\/label><textarea id=\"wpforms-552-field_2\" class=\"wpforms-field-medium wpforms-field-required\" name=\"wpforms[fields][2]\" required><\/textarea><\/div><\/div><!-- .wpforms-field-container --><div class=\"wpforms-submit-container\" ><input type=\"hidden\" name=\"wpforms[id]\" value=\"552\"><input type=\"hidden\" name=\"page_title\" value=\"\"><input type=\"hidden\" name=\"page_url\" value=\"https:\/\/tiendacuis.com\/index.php\/wp-json\/wp\/v2\/pages\/548\"><input type=\"hidden\" name=\"url_referer\" value=\"\"><button type=\"submit\" name=\"wpforms[submit]\" id=\"wpforms-submit-552\" class=\"wpforms-submit\" data-alt-text=\"Enviando...\" data-submit-text=\"Enviar \" aria-live=\"assertive\" value=\"wpforms-submit\">Enviar <\/button><img decoding=\"async\" src=\"https:\/\/tiendacuis.com\/wp-content\/plugins\/wpforms-lite\/assets\/images\/submit-spin.svg\" class=\"wpforms-submit-spinner\" style=\"display: none;\" width=\"26\" height=\"26\" alt=\"Cargando\"><\/div><\/form><\/div>  <!-- .wpforms-container -->\n\n\n<p><\/p>\n\n\n\n<p><\/p>\n\n\n\n<p><\/p>\n\n\n\n<p><\/p>\n\n\n\n<p><\/p>\n","protected":false},"excerpt":{"rendered":"<p>Somos una empresa enfocada a que nuestros usuarios incrementen sus beneficios; por eso estamos interesados en generar acuerdos ganar-ganar priorizando las relaciones a largo plazo para que tu crecimiento sea nuestro crecimiento. Creemos que nuestros clientes son vitales para el crecimiento de nuestra empresa por eso nos concentramos en mejorar nuestro servicio d\u00eda a d\u00eda, [&hellip;]<\/p>\n","protected":false},"author":1,"featured_media":0,"parent":0,"menu_order":0,"comment_status":"closed","ping_status":"closed","template":"","meta":{"om_disable_all_campaigns":false,"_monsterinsights_skip_tracking":false,"_monsterinsights_sitenote_active":false,"_monsterinsights_sitenote_note":"","_monsterinsights_sitenote_category":0,"site-sidebar-layout":"default","site-content-layout":"default","ast-site-content-layout":"","site-content-style":"default","site-sidebar-style":"default","ast-global-header-display":"","ast-banner-title-visibility":"","ast-main-header-display":"","ast-hfb-above-header-display":"","ast-hfb-below-header-display":"","ast-hfb-mobile-header-display":"","site-post-title":"","ast-breadcrumbs-content":"","ast-featured-img":"","footer-sml-layout":"","theme-transparent-header-meta":"default","adv-header-id-meta":"","stick-header-meta":"","header-above-stick-meta":"","header-main-stick-meta":"","header-below-stick-meta":"","astra-migrate-meta-layouts":"default","ast-page-background-enabled":"default","ast-page-background-meta":{"desktop":{"background-color":"var(--ast-global-color-4)","background-image":"","background-repeat":"repeat","background-position":"center center","background-size":"auto","background-attachment":"scroll","background-type":"","background-media":"","overlay-type":"","overlay-color":"","overlay-gradient":""},"tablet":{"background-color":"","background-image":"","background-repeat":"repeat","background-position":"center center","background-size":"auto","background-attachment":"scroll","background-type":"","background-media":"","overlay-type":"","overlay-color":"","overlay-gradient":""},"mobile":{"background-color":"","background-image":"","background-repeat":"repeat","background-position":"center center","background-size":"auto","background-attachment":"scroll","background-type":"","background-media":"","overlay-type":"","overlay-color":"","overlay-gradient":""}},"ast-content-background-meta":{"desktop":{"background-color":"var(--ast-global-color-5)","background-image":"","background-repeat":"repeat","background-position":"center center","background-size":"auto","background-attachment":"scroll","background-type":"","background-media":"","overlay-type":"","overlay-color":"","overlay-gradient":""},"tablet":{"background-color":"var(--ast-global-color-5)","background-image":"","background-repeat":"repeat","background-position":"center center","background-size":"auto","background-attachment":"scroll","background-type":"","background-media":"","overlay-type":"","overlay-color":"","overlay-gradient":""},"mobile":{"background-color":"var(--ast-global-color-5)","background-image":"","background-repeat":"repeat","background-position":"center center","background-size":"auto","background-attachment":"scroll","background-type":"","background-media":"","overlay-type":"","overlay-color":"","overlay-gradient":""}},"footnotes":""},"class_list":["post-548","page","type-page","status-publish","hentry"],"aioseo_notices":[],"jetpack_sharing_enabled":true,"jetpack-related-posts":[],"_links":{"self":[{"href":"https:\/\/tiendacuis.com\/index.php\/wp-json\/wp\/v2\/pages\/548","targetHints":{"allow":["GET"]}}],"collection":[{"href":"https:\/\/tiendacuis.com\/index.php\/wp-json\/wp\/v2\/pages"}],"about":[{"href":"https:\/\/tiendacuis.com\/index.php\/wp-json\/wp\/v2\/types\/page"}],"author":[{"embeddable":true,"href":"https:\/\/tiendacuis.com\/index.php\/wp-json\/wp\/v2\/users\/1"}],"replies":[{"embeddable":true,"href":"https:\/\/tiendacuis.com\/index.php\/wp-json\/wp\/v2\/comments?post=548"}],"version-history":[{"count":6,"href":"https:\/\/tiendacuis.com\/index.php\/wp-json\/wp\/v2\/pages\/548\/revisions"}],"predecessor-version":[{"id":908,"href":"https:\/\/tiendacuis.com\/index.php\/wp-json\/wp\/v2\/pages\/548\/revisions\/908"}],"wp:attachment":[{"href":"https:\/\/tiendacuis.com\/index.php\/wp-json\/wp\/v2\/media?parent=548"}],"curies":[{"name":"wp","href":"https:\/\/api.w.org\/{rel}","templated":true}]}}